0 = b + z. Is (-21)/f + b + 2837 a prime number?
False
Let n(g) = -1128*g + 14 + 85 + 272. Is n(-30) a prime number?
True
Let c(w) = 121*w**2 - 64*w - 116. Let r be c(32). Suppose 9*d - 45111 = r. Is d a composite number?
False
Let d(w) = -w**3 + 11*w**2 - w + 1. Suppose -2*t + 41 = -3*t. Let y = t + 49. Is d(y) a composite number?
True
Suppose -2735 = -2*g - 575. Suppose 6*a = 5*a + g. Suppose 2 + 0 = q, 0 = -3*x + 3*q + a. Is x composite?
True
Suppose 61565 = -21*o + 26*o. Suppose -4*t + o = 3549. Is t prime?
False
Let c(f) = 6*f - 28. Let h be c(5). Suppose -o = -h*n + 2285, -4*n + 12*o - 13*o + 4561 = 0. Is n a prime number?
False
Let k(v) = -273131*v - 6722. Is k(-3) composite?
False
Suppose 6*o - 36 = -4*m + 2*o, -36 = -4*m + 5*o. Suppose m*c - 374726 = -13*c. Is c a prime number?
True
Let f be (-2)/(0 - (-4)/(-8)). Suppose -4*b = -f*y - 40, 2*y - 4 = -0*y. Suppose -6*t - b = -522. Is t a composite number?
True
Suppose 0 = -5*d + 10, -y + 5*d = -2*y + 45. Let f = y - 33. Suppose 811 = f*q - 527. Is q prime?
False
Suppose 2*v + 5*t + 2378 = 0, t + 4*t = 4*v + 4816. Let i = -384 - v. Is i composite?
True
Let d(q) = 15*q - 25. Let b be d(2). Suppose 5*x - a = -3*a + 19223, b*a = 4*x - 15385. Is x a composite number?
True
Suppose -40*i = -35*i - 5170. Suppose -a + 4420 = i. Let p = -2275 + a. Is p a composite number?
True
Let q(l) = -3*l**3 + 4*l**2 + 9*l + 5. Let r(v) = -v**3 - 6*v**2 - 7*v - 2. Suppose 0 = -11*f + 14*f + 12. Let a be r(f). Is q(a) composite?
False
Let o = 0 + 5. Suppose n = -o*b + 11, n + 2*b = -0*n + 8. Suppose 909 = n*w - 405. Is w a prime number?
False
Let p(d) = -5*d - 27. Let c(j) = -j + 1. Let n(t) = 6*c(t) - p(t). Let g be n(9). Suppose -19*b = -g*b + 17735. Is b a prime number?
True
Let j = -34 + 34. Suppose j*q + 3764 = q. Suppose 33*u - 29*u - q = 0. Is u prime?
True
Let g(b) = -12669*b - 1856. Is g(-37) a composite number?
False
Suppose -2*k - g + 229712 = 0, 168*k - 4*g = 172*k - 459436. Is k composite?
True
Suppose s - 176481 = 4*g + 339898, 4*g + 8 = 0. Is s composite?
False
Let r(n) be the third derivative of n**3/6 + 22*n**2. Let v(y) = 37*y + 8. Let o(x) = -6*r(x) + v(x). Is o(1) a composite number?
True
Let q(d) = 2*d**3 - 26*d**2 - 16*d + 9. Let i(o) = -o**3 - o - 2. Let l(y) = i(y) + q(y). Is l(33) composite?
False
Let r = -8248 - -17438. Let f be 46/11 + 8/(-44). Suppose f*s = -6*s + r. Is s a prime number?
True
Suppose -132084 + 637568 = 16*y + 82*y. Is y a composite number?
True
Suppose 166*c + 6976 = 164*c. Let d = -2365 - c. Let u = 2094 - d. Is u a prime number?
True
Let g(w) = w**3 - 3*w**2 + 3*w - 4. Let l be g(3). Suppose -3*u + l*p + 5274 = u, 5266 = 4*u - p. Suppose 7*d + u = 11*d. Is d composite?
True
Suppose -68*d + 3510054 + 8401952 = -4051878. Is d a composite number?
True
Suppose -1460 - 5 = -z. Let k(p) = p**3 - 6*p**2 - 8*p + 7. Let d be k(7). Suppose -5*x - 4*a = -z, -5*x - a = -d*x - 1465. Is x prime?
True
Suppose 3*r = -3*a + 3, -3*a - a + 4 = -2*r. Suppose -5*n + 6*n = r. Suppose n = -0*b - 2*b + 422. Is b composite?
False
Let u = 21694 - 2925. Is u composite?
True
Suppose -25*o = -9*o - 11*o. Is (-661 - (1 + o))/(28/(-98)) composite?
True
Suppose 1999836 = 2*c - 2159*t + 2161*t, 5*c + t - 4999594 = 0. Is c composite?
True
Let r be (-28)/(-20) + 4/(-10). Suppose 0 = -3*j - r + 7. Suppose 3*a + j*b = 1010 - 131, 5*a = 2*b + 1449. Is a prime?
False
Suppose 98609 = -12*l + 326429. Is l composite?
True
Let g = -33239 + 59462. Is g a prime number?
False
Suppose 3*l - 5*j = 2443764, 4*j - j = 4*l - 3258363. Suppose 12*p + p - l = 0. Is p/27 - (-1 + (-7)/(-9)) a prime number?
False
Suppose q + 20 = 4*i, 6*i - 3*q - 32 = i. Suppose c - i*c + 93 = 0. Suppose -c*x = -26*x - 15085. Is x a prime number?
False
Suppose -2*v + 405983 = 2*v - t, 2*v - 203004 = -2*t. Is v a prime number?
False
Let f = 2837 - 1110. Is f prime?
False
Suppose -829*h + 592*h = -21154857. Is h prime?
True
Suppose -2 = a, -4 = 2*i - 5*a - 18. Is 1/(((-2494)/499 - -3) + i) prime?
True
Let x(c) be the first derivative of -44 - 1089/2*c**2 - 2*c. Is x(-1) a prime number?
True
Suppose 0*z - 37 = -5*n - 3*z, -3*n + 26 = -2*z. Let v be ((-20)/n)/5 - (-17)/2. Suppose -v*i + 3433 = -6911. Is i a composite number?
True
Suppose 33824*x - 107588 = 33820*x. Is x composite?
True
Suppose -4612557 = -21*l - 5*v, 45*l = 43*l + 2*v + 439306. Is l a prime number?
True
Suppose -5*h = -3*h - 76802. Suppose 0 = 10*i - 39489 - h. Is i prime?
True
Let z = -7384 - -13684. Suppose -2841 = -3*f + z. Is f composite?
True
Suppose 0 = -3*q - 4*c - 6, -3*q - 3*c = -7*q - 33. Let x be 180/27*9/q. Is x/75 - ((-52746)/45 - -1) prime?
True
Suppose 3*l - 24 = -3*w, 3*w + 14*l - 30 = 9*l. Suppose 4*f + 2*s = 112202, -4*f = -2*f - w*s - 56083. Is f a prime number?
False
Let r = 31 + -73. Let n = r - -50. Is 7434/30 + n/(-10) prime?
False
Is 1/(991844/(-1487892) + 6/9) prime?
True
Let q(x) = x**3 + 26*x**2 + 24*x - 8. Let n be q(-25). Let f be 4/(-8)*(n + 3). Let c(z) = z**3 + 23*z**2 - 2*z - 5. Is c(f) prime?
False
Let k(f) = 76*f**2 - 272*f + 1070. Let h be k(4). Suppose -3*c + 60 = -156. Suppose -h = -5*a + c. Is a prime?
False
Let n(c) = 1064*c**2 - 17*c + 199. Is n(6) a prime number?
False
Let g(y) = 7*y - 285. Let d be g(39). Is (-9)/d*(-19452)/(-9) prime?
True
Let i = -32 + 37. Suppose 0 = -i*z - 546 - 1009. Is z/(-1) + (12 - 9) a prime number?
False
Suppose 4*r - 12*u = -13*u - 11849, r = 2*u - 2960. Is r/(-5)*2090/76 a prime number?
False
Let z(c) = 130*c + 48. Let i = 63 + -33. Let r be z(i). Is 2 + -1*(r/(-4) - 2) composite?
False
Let x = 42233 + 8226. Let o = 97944 - x. Is o a prime number?
False
Suppose 1752443 = 6*s - 1522651. Is s a prime number?
False
Let g(r) = -1584*r - 401. Is g(-6) a prime number?
True
Let t be (-8)/2 + 3520 + -4. Let k = -1922 + t. Suppose -5*u - u = -k. Is u prime?
False
Let z be 10/15 + (-210764)/12 + 5. Is (-10 - -13)/((-6)/z) a composite number?
False
Let j(l) be the first derivative of 11 - 5*l + 190/3*l**3 + 7/2*l**2. Is j(2) composite?
False
Let m = -215527 - -320580. Is m a composite number?
True
Let d be (-6428)/20 + (-4)/(-10). Suppose -2*p - 1722 = -5*p. Let z = d + p. Is z prime?
False
Let g = -87 - -95. Suppose -2*c = -18 + g. Suppose 17613 = 5*m - 2*a, -c*a + 0*a - 10583 = -3*m. Is m a composite number?
True
Is 3387159/(-18)*14*(-2 - 5 - -6) prime?
False
Let t(b) be the third derivative of 2*b**5/3 + b**4/6 + 5*b**3/6 + 42*b**2. Is t(-2) a prime number?
True
Suppose -4*b + 42 = -b. Suppose 1528 = -b*o - 1776. Is 14/42 + o/(-3) prime?
True
Let h(u) = -8042*u - 7109. Is h(-5) a composite number?
True
Let n = -91156 - -146259. Is n a composite number?
False
Let z be 24 - 1/((-7)/42). Is 2 + -5*13*(-3018)/z a composite number?
True
Let x be (1 - 44/12) + (-4)/12. Let z be 2/x - (2 + (-169)/(-3)). Let q = z + 3766. Is q a composite number?
True
Let b = -30 - -42. Suppose 3*k - 2*c - b = c, 3*k + c = 12. Suppose 0 = -k*y + 4*v + 9796, 2*y + v = -y + 7347. Is y composite?
True
Suppose -5*m - 3*j + 4*j + 15 = 0, -36 = -4*m - 4*j. Suppose 3*s + 18 = 3*y, s = m*y + 2*s - 19. Suppose -y*d = 2*w - 2025, -834 = -4*d + 2*d + 4*w. Is d prime?
False
Suppose 437588 = 4*b + 3*k - 971765, -2*b + 5*k = -704631. Is b a composite number?
False
Suppose 44*z - 26*z - 2139259 = -5*h, 1711349 = 4*h - 5*z. Is h a composite number?
True
Suppose 120319 = 11*m - 940334. Is m a composite number?
True
Suppose -3215738 = -53*i + 5613903. Is i a prime number?
True
Let y = 7391 - -501. Let z = 14254 - y. Is z a composite number?
True
Let n(p) = p**3 + 6*p**2 - 38*p - 244. Is n(33) prime?
True
Suppose 876360 = 5*j + 336054 - 1717159. Is j a prime number?
False
Suppose -2*l = 5*z + 21811, 10*l - 3*z - 10908 = 11*l. Let f = -6382 - l. Is f a composite number?
True
Suppose -t + 2*t + 4*q - 5 = 0, -2 = t - 3*q. Let u be 1/(16/(-12) + t). Is (u + 1351)/2 + (2 - -1) a composite number?
False
Suppose -1992627 = -16*r + 3*r. Suppose -21889 = 14*w - r. Is w composite?
True
Suppose 2*a - 43290 = -4*u, 7*a - 44508 = -5*u + 9618. Is u a prime number?
False
Let g be (1*(0 - 2))/(8/(-12)). Suppose 14*c + g*c = 1258. Is c a composite number?
True
Let h = -36855 - -104366. Is h a composite number?
False
Let w(j) = 60*j**2 - 2*j + 1. Let o be w(-2). Let 